+ o. Calculate the remainder when h is divided by 14.
12
Suppose -8*g - 31 + 55 = 0. Suppose l - 2 = 2. What is the remainder when l is divided by g?
1
Let d(v) = -v**3 - 8*v**2 + 46*v - 117. Calculate the remainder when d(-16) is divided by 52.
51
Let o be (1/(-3))/((-3)/90). Let l = o + -7. Suppose -63 = -6*b + l*b. What is the remainder when b is divided by 8?
5
Let g(m) = 4*m - 48. Let h be g(21). Let x(t) = -t**3 + 2*t**2 + 2*t. What is the remainder when 36 + ((-2)/3)/(24/h) is divided by x(-2)?
11
Let l = -23 - -25. Let c be 0*(-4)/(-12) + l. Suppose 0 = 5*q - c*n - 19, -2*q - n + 1 = -4*n. Calculate the remainder when q is divided by 2.
1
Suppose -4*g = -2*c + 16, -4*c - 6 = 4*g - 2. Suppose -c*h + 5*h + 1860 = 0. Calculate the remainder when 41 is divided by 4/18 + h/(-45).
13
Calculate the remainder when 13/(13/2) - -31 is divided by 3.
0
Let u = -14 + 18. Suppose 2*b + 5*z - 17 = 0, -2*b = 3*b + u*z - 51. Suppose b - 65 = -f. Calculate the remainder when f is divided by 15.
9
Let z be (42/(-9))/((-4)/6). Suppose 11 = -3*t + z*g - 2*g, 5*t + 5 = -5*g. Calculate the remainder when (-4 - t) + 20 - -1 is divided by 11.
8
Let z(s) = -s**3 + 4*s**2 + 1. Let r be z(4). Suppose m + r = 3. Suppose -m*a + 33 = 5. What is the remainder when a is divided by 8?
6
Suppose 0 = -4*a - 3*b + 407, a + 529 = 6*a - 3*b. Calculate the remainder when a is divided by 9.
5
Let u(v) = v**2 + 2*v + 18. Let f be -2 - -1 - 2 - 2. Calculate the remainder when (-1*24)/(6/(-16)) is divided by u(f).
31
Suppose 5*i = -25, -535 = 2*q - 6*q - 5*i. What is the remainder when q is divided by 18?
14
Suppose -3*q - 20*s + 16*s = -614, -5*s + 1025 = 5*q. Calculate the remainder when q is divided by 16.
14
Suppose -21 - 14 = 5*w. Let t be 4/14 + (-978)/w. Calculate the remainder when 13 is divided by (-16)/(-72) - t/(-18).
5
Suppose 0 = -3*w + 8*w + 5. Let t(j) = -21*j. Calculate the remainder when t(w) is divided by 11.
10
Suppose -66*s + 252 = -54*s. Let m(t) = -t**3 - 4*t**2 - 3*t - 9. What is the remainder when m(-6) is divided by s?
18
Let b = 104 + -88. Suppose -3*y = -15, -2*y + y = -4*o - 61. Calculate the remainder when 70/4*(-24)/o is divided by b.
14
Suppose 0 = -27*a + 676 + 53. What is the remainder when 77 is divided by a?
23
Let b(o) = 2*o**2 - 5*o - 2. Calculate the remainder when 8 + (-995)/(-15) + 2 + (-2)/6 is divided by b(6).
36
Suppose 0 = 5*m - 9 - 1. What is the remainder when ((-71)/m)/(1/(-2)) is divided by 15?
11
Let k = -44 - -59. Suppose -k = 8*c - 71. Calculate the remainder when 11 is divided by c.
4
Suppose -9*c = -12*c - 54. Let u be 220/99 - (-4)/c. Suppose 3*k - u*h - 30 = 34, 0 = 4*k + h - 67. Calculate the remainder when k is divided by 7.
4
Suppose 0*h + 3*h - 165 = 0. Suppose -3*j + u + h = -2, j + u - 19 = 0. Suppose -o = -5*o + 28. Calculate the remainder when j is divided by o.
5
Let q = -396 + 435. What is the remainder when 153 is divided by q?
36
Let j(t) = t**2 + 15*t - 7. Let d = -55 - -39. Calculate the remainder when 196 is divided by j(d).
7
What is the remainder when 129760/320 - (-3)/(-2) is divided by 15?
14
Suppose -y + 1 = -5. Calculate the remainder when (((-1)/2)/1)/(y/(-1164)) is divided by 14.
13
Suppose -2*s - 3 + 13 = 0. Suppose 0 = 2*t - 5*h - s + 4, 8 = 2*t + 2*h. What is the remainder when 17 is divided by ((-20)/(-5) - t) + 5?
5
Suppose 5*l + 4*l = 90. What is the remainder when 107 is divided by l?
7
Let q(a) = -a**3 + 21*a**2 + 5. Let v be q(21). Suppose 3*t - 32 + v = 0. What is the remainder when t is divided by 28/6 + (-4)/6?
1
Suppose 0 = -k - 4*b + 41, 4*k + b - 101 = k. What is the remainder when k is divided by 18?
15
Suppose o + 4*t - 6*t - 18 = 0, 4*o - t = 58. Let s(p) = p**2 - 15*p + 24. Calculate the remainder when 48 is divided by s(o).
8
Let m = 216 - 110. Calculate the remainder when m is divided by 64.
42
Let n = -54 - -77. Calculate the remainder when n is divided by 1/(-4) - 481/(-52).
5
Let a = 21 + -87. Let t = 119 + a. Let m = -24 + t. What is the remainder when m is divided by 15?
14
Suppose -132*s + 129*s = -87. Calculate the remainder when 637 is divided by s.
28
Suppose 789 + 843 = 17*r. Calculate the remainder when r is divided by 37.
22
Suppose 0 = -23*d + 99 + 39. Suppose 4*q = -q + 1050. Suppose d*w = w + q. What is the remainder when w is divided by 15?
12
Suppose -5*h + t = -t + 282, 5*h + 278 = -2*t. Let c = h + 78. Suppose -3*o + c - 1 = 0. Calculate the remainder when 11 is divided by o.
4
Suppose 0 = 3*n - l - 7, -2*n = -l - l + 2. Suppose -n*t = o - 8, -4*t = -3*o + 2 + 6. What is the remainder when t/4 + (-35)/(-4) is divided by 5?
4
Suppose 0 = 8*l - 5*l - 78. Let b = 9 - 4. Suppose 2*v = 4*g - 314, 11 + 4 = -b*v. What is the remainder when g is divided by l?
25
Let v(n) = n**3 - 4*n**2 + 11. Let r be v(3). Suppose 23 = r*c + 5. Calculate the remainder when 16 is divided by c.
7
Suppose -116*i - 49 = -117*i. What is the remainder when 264 is divided by i?
19
Suppose -137 = -21*a + 73. What is the remainder when 37 is divided by a?
7
Suppose -20 = -o + t, -2*o = 3*o + 5*t - 80. Suppose 3*d + k - o = -0*d, -4*k = -2*d - 2. Suppose 11 = 2*m - d. Calculate the remainder when m is divided by 3.
2
Calculate the remainder when (-2 - (15 - 16)) + 0 + 266 is divided by 74.
43
Let x = -46 + 56. Let y = 96 + -78. Calculate the remainder when y is divided by x.
8
Suppose -v - 4 + 2 = 0, -2*f + 86 = 4*v. What is the remainder when 225 is divided by f?
37
Suppose 9*g - 10*g - 3 = -2*m, -m + 5 = 0. Calculate the remainder when 41 is divided by g.
6
Let i be (-76)/10 + 42/70. Suppose 0*a = -a + 4. What is the remainder when (i/(-28))/(2/72) is divided by a?
1
Let b(m) = 3*m**2 + m. Let f(w) = 32*w**2 + 1. Let s be f(2). Suppose 4*p - s = 59. What is the remainder when p is divided by b(-3)?
23
Let v(h) = 3*h**3 - 2*h**2 + h. Let o be v(1). Let m be 16 - 18 - (0 + 0). What is the remainder when o + m + (-18)/(-2) is divided by 6?
3
Let a = -23 + 27. Suppose -3*q - 3*g + a*g = -12, -4*q - 2*g = -16. Let t(y) = 2*y**2 - 2. What is the remainder when t(2) is divided by q?
2
Let y(o) = o**3 - 4*o**2 - 3*o - 7. Let f be y(5). Let v(a) = -a**3 + 4*a**2 + 1. Calculate the remainder when 1/(-2)*2*-17 is divided by v(f).
7
Let t(i) = 9*i + 6. Let r be (11 - -1)/(-4) + -3. Let c be t(r). Let h = c - -96. Calculate the remainder when h is divided by 17.
14
Suppose -k = 4*x - 51, -2*k = x + 3*x - 46. What is the remainder when 1437/27 + 10/(-45) is divided by x?
11
Suppose v = 3 + 1. Let c = 416 + -411. What is the remainder when c is divided by v?
1
Let w(s) = 5*s**2 - 31*s + 43. Calculate the remainder when w(12) is divided by 56.
55
Let k(j) = 2 + 14*j + 38*j**2 - j**3 - 25*j**2 - 23*j**2. Calculate the remainder when k(-12) is divided by 25.
22
Let g = -364 - -371. Let l be 3*17*(-2)/(-3). Suppose l = 4*i - 38. Calculate the remainder when i is divided by g.
4
Suppose 13*d + 12 = 17*d. Suppose -8 = -5*y + 2*a + 223, d*y + a - 132 = 0. What is the remainder when y is divided by 12?
9
Let n(s) = -s**2 - 6*s + 3. Let i be n(-6). Suppose -q + t + 11 = 6*t, 0 = q + i*t - 13. Calculate the remainder when 56 is divided by q.
8
Suppose -4*b = -5*k - 572, -4*k + 3*k + 286 = 2*b. Calculate the remainder when b is divided by 30.
23
Let r(d) = -d**3 + 16*d**2 + 10*d - 25. What is the remainder when r(16) is divided by 46?
43
Suppose -2 = -2*n + 3*z, 0*z - 2*z = 8. Let d(r) = r + 4. Let m be d(n). What is the remainder when 26 is divided by 2 + m - 6/(-1)?
5
Calculate the remainder when 16 is divided by (0 + 65/25 + -3)*-5.
0
Let v(x) = -2*x**2 - 13*x - 10. Let m be v(-5). Suppose -m*p = -0*p - 415. What is the remainder when p is divided by (-1)/(-1) - 1 - -21?
20
Suppose 0 = -6*v + 243 + 987. Calculate the remainder when v is divided by 73.
59
Suppose -2*c = -3*z - 88, -c - 4*z = 3*c - 196. Let y(m) = 10 - 7 + m + 0*m + 1. Calculate the remainder when c is divided by y(6).
7
Let a(x) = 10*x + 182. Let b(d) = -d**3 - 4*d**2 + 2*d + 2. Calculate the remainder when a(-15) is divided by b(-5).
15
Let d(q) = -q**3 - 10*q**2 - 13*q + 2. Calculate the remainder when d(-9) is divided by 12.
2
Let q(d) = -d**2 - 11*d. Let x be q(-11). Let o(c) = c**2 - c + 268. Let p be o(x). What is the remainder when 65 is d